{"id":873,"date":"2018-02-28T13:48:01","date_gmt":"2018-02-28T12:48:01","guid":{"rendered":"https:\/\/www.motelascot.fr\/wp-content\/uploads\/Prix-Ascot-Nice-Matin.jpg"},"modified":"2018-02-28T14:47:20","modified_gmt":"2018-02-28T13:47:20","slug":"prix-motel-ascot-nice-matin","status":"inherit","type":"attachment","link":"https:\/\/www.motelascot.fr\/en\/1er-prix-motel-ascot-lhippodrome-de-cote-dazur\/prix-motel-ascot-nice-matin\/","title":{"rendered":"Prix Ascot Nice Matin"},"author":1,"featured_media":0,"comment_status":"open","ping_status":"closed","template":"","meta":[],"class_list":["post-873","attachment","type-attachment","status-inherit","hentry"],"yoast_head":"<!-- This site is optimized with the Yoast SEO plugin v24.0 - https:\/\/yoast.com\/wordpress\/plugins\/seo\/ -->\n<title>Le Nice-Matin relaye les r\u00e9sultats du Prix Motel Ascot<\/title>\n<meta name=\"description\" content=\"Nice-Matin diffuse le jeudi 22 f\u00e9vrier 2018 une photo des laur\u00e9ats du Prix Motel Ascot et de l&#039;\u00e9quipe du l&#039;\u00e9tablissement de Cagnes-sur-mer\" \/>\n<meta name=\"robots\" content=\"index, follow, max-snippet:-1, max-image-preview:large, max-video-preview:-1\" \/>\n<link rel=\"canonical\" href=\"https:\/\/www.motelascot.fr\/wp-content\/uploads\/Prix-Ascot-Nice-Matin.jpg\" \/>\n<meta property=\"og:locale\" content=\"en_US\" \/>\n<meta property=\"og:type\" content=\"article\" \/>\n<meta property=\"og:title\" content=\"Le Nice-Matin relaye les r\u00e9sultats du Prix Motel Ascot\" \/>\n<meta property=\"og:description\" content=\"Nice-Matin diffuse le jeudi 22 f\u00e9vrier 2018 une photo des laur\u00e9ats du Prix Motel Ascot et de l&#039;\u00e9quipe du l&#039;\u00e9tablissement de Cagnes-sur-mer\" \/>\n<meta property=\"og:url\" content=\"https:\/\/www.motelascot.fr\/wp-content\/uploads\/Prix-Ascot-Nice-Matin.jpg\" \/>\n<meta property=\"og:site_name\" content=\"Motel Ascot\" \/>\n<meta property=\"article:publisher\" content=\"https:\/\/www.facebook.com\/pages\/Motel-Ascot-Cagnes-Sur-Mer\/142181375864060\" \/>\n<meta property=\"article:modified_time\" content=\"2018-02-28T13:47:20+00:00\" \/>\n<meta property=\"og:image\" content=\"https:\/\/www.motelascot.fr\/wp-content\/uploads\/Prix-Ascot-Nice-Matin-1024x680.jpg\" \/>\n\t<meta property=\"og:image:width\" content=\"1024\" \/>\n\t<meta property=\"og:image:height\" content=\"680\" \/>\n\t<meta property=\"og:image:type\" content=\"image\/jpeg\" \/>\n<meta name=\"twitter:card\" content=\"summary_large_image\" \/>\n<script type=\"application\/ld+json\" class=\"yoast-schema-graph\">{\"@context\":\"https:\/\/schema.org\",\"@graph\":[{\"@type\":\"WebPage\",\"@id\":\"https:\/\/www.motelascot.fr\/wp-content\/uploads\/Prix-Ascot-Nice-Matin.jpg\",\"url\":\"https:\/\/www.motelascot.fr\/wp-content\/uploads\/Prix-Ascot-Nice-Matin.jpg\",\"name\":\"Le Nice-Matin relaye les r\u00e9sultats du Prix Motel Ascot\",\"isPartOf\":{\"@id\":\"https:\/\/www.motelascot.fr\/#website\"},\"datePublished\":\"2018-02-28T12:48:01+00:00\",\"dateModified\":\"2018-02-28T13:47:20+00:00\",\"description\":\"Nice-Matin diffuse le jeudi 22 f\u00e9vrier 2018 une photo des laur\u00e9ats du Prix Motel Ascot et de l'\u00e9quipe du l'\u00e9tablissement de Cagnes-sur-mer\",\"breadcrumb\":{\"@id\":\"https:\/\/www.motelascot.fr\/wp-content\/uploads\/Prix-Ascot-Nice-Matin.jpg#breadcrumb\"},\"inLanguage\":\"en-US\",\"potentialAction\":[{\"@type\":\"ReadAction\",\"target\":[\"https:\/\/www.motelascot.fr\/wp-content\/uploads\/Prix-Ascot-Nice-Matin.jpg\"]}]},{\"@type\":\"BreadcrumbList\",\"@id\":\"https:\/\/www.motelascot.fr\/wp-content\/uploads\/Prix-Ascot-Nice-Matin.jpg#breadcrumb\",\"itemListElement\":[{\"@type\":\"ListItem\",\"position\":1,\"name\":\"Accueil\",\"item\":\"https:\/\/www.motelascot.fr\/\"},{\"@type\":\"ListItem\",\"position\":2,\"name\":\"1er Prix Motel Ascot sur l\u2019hippodrome de la C\u00f4te d\u2019Azur\",\"item\":\"https:\/\/www.motelascot.fr\/1er-prix-motel-ascot-lhippodrome-de-cote-dazur\/\"},{\"@type\":\"ListItem\",\"position\":3,\"name\":\"Prix Ascot Nice Matin\"}]},{\"@type\":\"WebSite\",\"@id\":\"https:\/\/www.motelascot.fr\/#website\",\"url\":\"https:\/\/www.motelascot.fr\/\",\"name\":\"Motel Ascot\",\"description\":\"H\u00f4tel et Appartements\",\"publisher\":{\"@id\":\"https:\/\/www.motelascot.fr\/#organization\"},\"potentialAction\":[{\"@type\":\"SearchAction\",\"target\":{\"@type\":\"EntryPoint\",\"urlTemplate\":\"https:\/\/www.motelascot.fr\/?s={search_term_string}\"},\"query-input\":{\"@type\":\"PropertyValueSpecification\",\"valueRequired\":true,\"valueName\":\"search_term_string\"}}],\"inLanguage\":\"en-US\"},{\"@type\":\"Organization\",\"@id\":\"https:\/\/www.motelascot.fr\/#organization\",\"name\":\"Motel Ascot\",\"url\":\"https:\/\/www.motelascot.fr\/\",\"logo\":{\"@type\":\"ImageObject\",\"inLanguage\":\"en-US\",\"@id\":\"https:\/\/www.motelascot.fr\/#\/schema\/logo\/image\/\",\"url\":\"https:\/\/www.motelascot.fr\/wp-content\/uploads\/2017\/06\/logo.png\",\"contentUrl\":\"https:\/\/www.motelascot.fr\/wp-content\/uploads\/2017\/06\/logo.png\",\"width\":866,\"height\":264,\"caption\":\"Motel Ascot\"},\"image\":{\"@id\":\"https:\/\/www.motelascot.fr\/#\/schema\/logo\/image\/\"},\"sameAs\":[\"https:\/\/www.facebook.com\/pages\/Motel-Ascot-Cagnes-Sur-Mer\/142181375864060\"]}]}<\/script>\n<!-- \/ Yoast SEO plugin. -->","yoast_head_json":{"title":"Le Nice-Matin relaye les r\u00e9sultats du Prix Motel Ascot","description":"Nice-Matin diffuse le jeudi 22 f\u00e9vrier 2018 une photo des laur\u00e9ats du Prix Motel Ascot et de l'\u00e9quipe du l'\u00e9tablissement de Cagnes-sur-mer","robots":{"index":"index","follow":"follow","max-snippet":"max-snippet:-1","max-image-preview":"max-image-preview:large","max-video-preview":"max-video-preview:-1"},"canonical":"https:\/\/www.motelascot.fr\/wp-content\/uploads\/Prix-Ascot-Nice-Matin.jpg","og_locale":"en_US","og_type":"article","og_title":"Le Nice-Matin relaye les r\u00e9sultats du Prix Motel Ascot","og_description":"Nice-Matin diffuse le jeudi 22 f\u00e9vrier 2018 une photo des laur\u00e9ats du Prix Motel Ascot et de l'\u00e9quipe du l'\u00e9tablissement de Cagnes-sur-mer","og_url":"https:\/\/www.motelascot.fr\/wp-content\/uploads\/Prix-Ascot-Nice-Matin.jpg","og_site_name":"Motel Ascot","article_publisher":"https:\/\/www.facebook.com\/pages\/Motel-Ascot-Cagnes-Sur-Mer\/142181375864060","article_modified_time":"2018-02-28T13:47:20+00:00","og_image":[{"width":1024,"height":680,"url":"https:\/\/www.motelascot.fr\/wp-content\/uploads\/Prix-Ascot-Nice-Matin-1024x680.jpg","type":"image\/jpeg"}],"twitter_card":"summary_large_image","schema":{"@context":"https:\/\/schema.org","@graph":[{"@type":"WebPage","@id":"https:\/\/www.motelascot.fr\/wp-content\/uploads\/Prix-Ascot-Nice-Matin.jpg","url":"https:\/\/www.motelascot.fr\/wp-content\/uploads\/Prix-Ascot-Nice-Matin.jpg","name":"Le Nice-Matin relaye les r\u00e9sultats du Prix Motel Ascot","isPartOf":{"@id":"https:\/\/www.motelascot.fr\/#website"},"datePublished":"2018-02-28T12:48:01+00:00","dateModified":"2018-02-28T13:47:20+00:00","description":"Nice-Matin diffuse le jeudi 22 f\u00e9vrier 2018 une photo des laur\u00e9ats du Prix Motel Ascot et de l'\u00e9quipe du l'\u00e9tablissement de Cagnes-sur-mer","breadcrumb":{"@id":"https:\/\/www.motelascot.fr\/wp-content\/uploads\/Prix-Ascot-Nice-Matin.jpg#breadcrumb"},"inLanguage":"en-US","potentialAction":[{"@type":"ReadAction","target":["https:\/\/www.motelascot.fr\/wp-content\/uploads\/Prix-Ascot-Nice-Matin.jpg"]}]},{"@type":"BreadcrumbList","@id":"https:\/\/www.motelascot.fr\/wp-content\/uploads\/Prix-Ascot-Nice-Matin.jpg#breadcrumb","itemListElement":[{"@type":"ListItem","position":1,"name":"Accueil","item":"https:\/\/www.motelascot.fr\/"},{"@type":"ListItem","position":2,"name":"1er Prix Motel Ascot sur l\u2019hippodrome de la C\u00f4te d\u2019Azur","item":"https:\/\/www.motelascot.fr\/1er-prix-motel-ascot-lhippodrome-de-cote-dazur\/"},{"@type":"ListItem","position":3,"name":"Prix Ascot Nice Matin"}]},{"@type":"WebSite","@id":"https:\/\/www.motelascot.fr\/#website","url":"https:\/\/www.motelascot.fr\/","name":"Motel Ascot","description":"H\u00f4tel et Appartements","publisher":{"@id":"https:\/\/www.motelascot.fr\/#organization"},"potentialAction":[{"@type":"SearchAction","target":{"@type":"EntryPoint","urlTemplate":"https:\/\/www.motelascot.fr\/?s={search_term_string}"},"query-input":{"@type":"PropertyValueSpecification","valueRequired":true,"valueName":"search_term_string"}}],"inLanguage":"en-US"},{"@type":"Organization","@id":"https:\/\/www.motelascot.fr\/#organization","name":"Motel Ascot","url":"https:\/\/www.motelascot.fr\/","logo":{"@type":"ImageObject","inLanguage":"en-US","@id":"https:\/\/www.motelascot.fr\/#\/schema\/logo\/image\/","url":"https:\/\/www.motelascot.fr\/wp-content\/uploads\/2017\/06\/logo.png","contentUrl":"https:\/\/www.motelascot.fr\/wp-content\/uploads\/2017\/06\/logo.png","width":866,"height":264,"caption":"Motel Ascot"},"image":{"@id":"https:\/\/www.motelascot.fr\/#\/schema\/logo\/image\/"},"sameAs":["https:\/\/www.facebook.com\/pages\/Motel-Ascot-Cagnes-Sur-Mer\/142181375864060"]}]}},"description":{"rendered":"<p class=\"qtranxs-available-languages-message qtranxs-available-languages-message-en\"> <\/p>"},"caption":{"rendered":""},"alt_text":"Journal Nice-Matin du jeudi 22 f\u00e9vrier 2018 avec photos des laur\u00e9ats du Prix Motel Ascot","media_type":"image","mime_type":"image\/jpeg","media_details":{"width":4288,"height":2848,"file":"Prix-Ascot-Nice-Matin.jpg","sizes":{"thumbnail":{"file":"Prix-Ascot-Nice-Matin-150x150.jpg","width":150,"height":150,"mime_type":"image\/jpeg","source_url":"https:\/\/www.motelascot.fr\/wp-content\/uploads\/Prix-Ascot-Nice-Matin-150x150.jpg"},"medium":{"file":"Prix-Ascot-Nice-Matin-300x199.jpg","width":300,"height":199,"mime_type":"image\/jpeg","source_url":"https:\/\/www.motelascot.fr\/wp-content\/uploads\/Prix-Ascot-Nice-Matin-300x199.jpg"},"medium_large":{"file":"Prix-Ascot-Nice-Matin-768x510.jpg","width":768,"height":510,"mime_type":"image\/jpeg","source_url":"https:\/\/www.motelascot.fr\/wp-content\/uploads\/Prix-Ascot-Nice-Matin-768x510.jpg"},"large":{"file":"Prix-Ascot-Nice-Matin-1024x680.jpg","width":1024,"height":680,"mime_type":"image\/jpeg","source_url":"https:\/\/www.motelascot.fr\/wp-content\/uploads\/Prix-Ascot-Nice-Matin-1024x680.jpg"},"motelascot-400x260":{"file":"Prix-Ascot-Nice-Matin-400x260.jpg","width":400,"height":260,"mime_type":"image\/jpeg","source_url":"https:\/\/www.motelascot.fr\/wp-content\/uploads\/Prix-Ascot-Nice-Matin-400x260.jpg"},"motelascot-400x300":{"file":"Prix-Ascot-Nice-Matin-400x300.jpg","width":400,"height":300,"mime_type":"image\/jpeg","source_url":"https:\/\/www.motelascot.fr\/wp-content\/uploads\/Prix-Ascot-Nice-Matin-400x300.jpg"},"motelascot-600x450":{"file":"Prix-Ascot-Nice-Matin-600x450.jpg","width":600,"height":450,"mime_type":"image\/jpeg","source_url":"https:\/\/www.motelascot.fr\/wp-content\/uploads\/Prix-Ascot-Nice-Matin-600x450.jpg"},"motelascot-800x500":{"file":"Prix-Ascot-Nice-Matin-800x500.jpg","width":800,"height":500,"mime_type":"image\/jpeg","source_url":"https:\/\/www.motelascot.fr\/wp-content\/uploads\/Prix-Ascot-Nice-Matin-800x500.jpg"},"motelascot-1200x750":{"file":"Prix-Ascot-Nice-Matin-1200x750.jpg","width":1200,"height":750,"mime_type":"image\/jpeg","source_url":"https:\/\/www.motelascot.fr\/wp-content\/uploads\/Prix-Ascot-Nice-Matin-1200x750.jpg"},"motelascot-1920x1080":{"file":"Prix-Ascot-Nice-Matin-1920x1080.jpg","width":1920,"height":1080,"mime_type":"image\/jpeg","source_url":"https:\/\/www.motelascot.fr\/wp-content\/uploads\/Prix-Ascot-Nice-Matin-1920x1080.jpg"},"full":{"file":"Prix-Ascot-Nice-Matin.jpg","width":4288,"height":2848,"mime_type":"image\/jpeg","source_url":"https:\/\/www.motelascot.fr\/wp-content\/uploads\/Prix-Ascot-Nice-Matin.jpg"}},"image_meta":{"aperture":"5.6","credit":"","camera":"PENTAX K-x","caption":"","created_timestamp":"1230768179","copyright":"","focal_length":"50","iso":"1600","shutter_speed":"0.01","title":"","orientation":"1","keywords":[]}},"post":874,"source_url":"https:\/\/www.motelascot.fr\/wp-content\/uploads\/Prix-Ascot-Nice-Matin.jpg","_links":{"self":[{"href":"https:\/\/www.motelascot.fr\/en\/wp-json\/wp\/v2\/media\/873"}],"collection":[{"href":"https:\/\/www.motelascot.fr\/en\/wp-json\/wp\/v2\/media"}],"about":[{"href":"https:\/\/www.motelascot.fr\/en\/wp-json\/wp\/v2\/types\/attachment"}],"author":[{"embeddable":true,"href":"https:\/\/www.motelascot.fr\/en\/wp-json\/wp\/v2\/users\/1"}],"replies":[{"embeddable":true,"href":"https:\/\/www.motelascot.fr\/en\/wp-json\/wp\/v2\/comments?post=873"}]}}

<!-- This site is optimized with the Yoast SEO plugin v24.0 - https://yoast.com/wordpress/plugins/seo/ -->
<title>Le Nice-Matin relaye les résultats du Prix Motel Ascot</title>
<meta name="description" content="Nice-Matin diffuse le jeudi 22 février 2018 une photo des lauréats du Prix Motel Ascot et de l&#039;équipe du l&#039;établissement de Cagnes-sur-mer" />
<meta name="robots" content="index, follow, max-snippet:-1, max-image-preview:large, max-video-preview:-1" />
<link rel="canonical" href="https://www.motelascot.fr/wp-content/uploads/Prix-Ascot-Nice-Matin.jpg" />
<meta property="og:locale" content="en_US" />
<meta property="og:type" content="article" />
<meta property="og:title" content="Le Nice-Matin relaye les résultats du Prix Motel Ascot" />
<meta property="og:description" content="Nice-Matin diffuse le jeudi 22 février 2018 une photo des lauréats du Prix Motel Ascot et de l&#039;équipe du l&#039;établissement de Cagnes-sur-mer" />
<meta property="og:url" content="https://www.motelascot.fr/wp-content/uploads/Prix-Ascot-Nice-Matin.jpg" />
<meta property="og:site_name" content="Motel Ascot" />
<meta property="article:publisher" content="https://www.facebook.com/pages/Motel-Ascot-Cagnes-Sur-Mer/142181375864060" />
<meta property="article:modified_time" content="2018-02-28T13:47:20+00:00" />
<meta property="og:image" content="https://www.motelascot.fr/wp-content/uploads/Prix-Ascot-Nice-Matin-1024x680.jpg" />
	<meta property="og:image:width" content="1024" />
	<meta property="og:image:height" content="680" />
	<meta property="og:image:type" content="image/jpeg" />
<meta name="twitter:card" content="summary_large_image" />
<script type="application/ld+json" class="yoast-schema-graph">{"@context":"https://schema.org","@graph":[{"@type":"WebPage","@id":"https://www.motelascot.fr/wp-content/uploads/Prix-Ascot-Nice-Matin.jpg","url":"https://www.motelascot.fr/wp-content/uploads/Prix-Ascot-Nice-Matin.jpg","name":"Le Nice-Matin relaye les résultats du Prix Motel Ascot","isPartOf":{"@id":"https://www.motelascot.fr/#website"},"datePublished":"2018-02-28T12:48:01+00:00","dateModified":"2018-02-28T13:47:20+00:00","description":"Nice-Matin diffuse le jeudi 22 février 2018 une photo des lauréats du Prix Motel Ascot et de l'équipe du l'établissement de Cagnes-sur-mer","breadcrumb":{"@id":"https://www.motelascot.fr/wp-content/uploads/Prix-Ascot-Nice-Matin.jpg#breadcrumb"},"inLanguage":"en-US","potentialAction":[{"@type":"ReadAction","target":["https://www.motelascot.fr/wp-content/uploads/Prix-Ascot-Nice-Matin.jpg"]}]},{"@type":"BreadcrumbList","@id":"https://www.motelascot.fr/wp-content/uploads/Prix-Ascot-Nice-Matin.jpg#breadcrumb","itemListElement":[{"@type":"ListItem","position":1,"name":"Accueil","item":"https://www.motelascot.fr/"},{"@type":"ListItem","position":2,"name":"1er Prix Motel Ascot sur l’hippodrome de la Côte d’Azur","item":"https://www.motelascot.fr/1er-prix-motel-ascot-lhippodrome-de-cote-dazur/"},{"@type":"ListItem","position":3,"name":"Prix Ascot Nice Matin"}]},{"@type":"WebSite","@id":"https://www.motelascot.fr/#website","url":"https://www.motelascot.fr/","name":"Motel Ascot","description":"Hôtel et Appartements","publisher":{"@id":"https://www.motelascot.fr/#organization"},"potentialAction":[{"@type":"SearchAction","target":{"@type":"EntryPoint","urlTemplate":"https://www.motelascot.fr/?s={search_term_string}"},"query-input":{"@type":"PropertyValueSpecification","valueRequired":true,"valueName":"search_term_string"}}],"inLanguage":"en-US"},{"@type":"Organization","@id":"https://www.motelascot.fr/#organization","name":"Motel Ascot","url":"https://www.motelascot.fr/","logo":{"@type":"ImageObject","inLanguage":"en-US","@id":"https://www.motelascot.fr/#/schema/logo/image/","url":"https://www.motelascot.fr/wp-content/uploads/2017/06/logo.png","contentUrl":"https://www.motelascot.fr/wp-content/uploads/2017/06/logo.png","width":866,"height":264,"caption":"Motel Ascot"},"image":{"@id":"https://www.motelascot.fr/#/schema/logo/image/"},"sameAs":["https://www.facebook.com/pages/Motel-Ascot-Cagnes-Sur-Mer/142181375864060"]}]}</script>
<!-- / Yoast SEO plugin. -->

Le Nice-Matin relaye les résultats du Prix Motel Ascot

Nice-Matin diffuse le jeudi 22 février 2018 une photo des lauréats du Prix Motel Ascot et de l'équipe du l'établissement de Cagnes-sur-mer

1er Prix Motel Ascot sur l’hippodrome de la Côte d’Azur

Hôtel et Appartements

Journal Nice-Matin du jeudi 22 février 2018 avec photos des lauréats du Prix Motel Ascot
